 of 34 and h.
34
Let u(m) = -m**3 + m**2 - 4*m + 33. Let j be u(0). What is the highest common divisor of 165 and j?
33
Suppose -2 = -3*j + 5*j. Let a be (-1 - j) + 1*8. Suppose -3957 = -h - 3885. Calculate the highest common divisor of h and a.
8
Let x be (-1 + 36)*(-4)/(-10). Suppose 493 = 6*c - 431. What is the greatest common divisor of x and c?
14
Let r be 24/16 + 7/2. Suppose r*x + 51 = 91. Suppose -5 + 1 = -h. What is the highest common factor of h and x?
4
Let t = -1776 - -1808. Let h = -25 + 49. Calculate the highest common factor of h and t.
8
Suppose -3*s - 5 = -4*s, -3*s + 1410 = 5*x. Suppose -5*h + 859 - x = 0. What is the highest common divisor of 29 and h?
29
Let j(c) = -3*c + 6. Let m be j(-5). Let s be (-6*(-21)/(-189))/((-2)/126). Calculate the greatest common divisor of m and s.
21
Let w(g) = 7*g**2 + 5*g - 3. Let p be w(-5). Let l = p - 78. Calculate the greatest common divisor of l and 23.
23
Let k be (-4)/(-12) + (-14)/6. Let c be 21/7 + 512/k. Let b = c - -358. Calculate the greatest common factor of 21 and b.
21
Let u = 234 + -122. Calculate the greatest common factor of 4 and u.
4
Suppose x = -11*x + 60. Calculate the greatest common divisor of x and 335.
5
Suppose -5*r - 6 = -2*d - 7*r, -d - 4*r = 3. Suppose 8*x - 3*x - 60 = -d*m, 5*m + 3*x = 56. Calculate the greatest common divisor of 110 and m.
10
Suppose -f + 1823 = 5*p + 12, 5*p = -5*f + 9155. Calculate the greatest common divisor of f and 72.
36
Suppose 21*k + 27 = 24*k. Calculate the highest common divisor of k and 3.
3
Let t = -467 + 522. What is the greatest common factor of t and 121?
11
Suppose -2 = -2*k + 2. Suppose 124 = 2*g + 7*t - 3*t, -k*t = -6. What is the highest common divisor of g and 14?
14
Let v be 1/(1/(-6))*1. Let j(d) = d**3 + 7*d**2 - 9*d - 2. Let a be j(v). Let b be (-1)/(-1*1)*(32 - 30 - -9). Calculate the highest common divisor of a and b.
11
Let h(g) = 14*g**2 + g + 4. Let l be h(-4). What is the highest common factor of 21 and l?
7
Let o = 956 - 878. Calculate the greatest common divisor of o and 1794.
78
Let w(b) = 3*b**2 - 21*b - 15. Let i(f) = f**2 - f + 1. Let k(d) = 2*i(d) - w(d). Let q be k(18). What is the highest common divisor of 7 and q?
7
Suppose 5*i = -3*y + 1857, -80*i = -78*i - 4*y - 722. What is the highest common divisor of 41 and i?
41
Let c(l) = -l**2 + 27*l - 161. Let f be c(10). What is the greatest common factor of 3 and f?
3
Let m = -4 - 23. Let y = -24 - m. Calculate the greatest common factor of y and 24.
3
Suppose -5*h - 199 = -4*x, 2*x - 7*h + 2*h - 107 = 0. Suppose 0 = -3*d - w - 0*w + x, -62 = -4*d - 2*w. Calculate the greatest common factor of 135 and d.
15
Suppose y + 11*t = 7*t + 82, -3*t + 15 = 0. Calculate the highest common divisor of y and 620.
62
Suppose -6*m = 11*m + 51. Let r be m/(-6) + (-94)/(-4). What is the greatest common factor of 36 and r?
12
Suppose 4*y - 10 = 6*y. Let o = 0 - y. Suppose -q = o, 3*g = -3*q + q + 176. Calculate the highest common divisor of g and 31.
31
Let v(q) = -q**3 + 14*q**2 - q - 2. Let j be v(6). Let u = 29 + j. Let l = -218 + u. What is the greatest common factor of l and 13?
13
Let t = 1043 + -1011. What is the highest common factor of t and 120?
8
Suppose -3*d - 2*d = -5*i + 115, 0 = 3*d - 5*i + 61. Let a = d - -38. Calculate the greatest common factor of a and 11.
11
Let w be ((-20)/6)/(4/6). Let h(d) = 2*d**3 + 11*d**2 + 2. Let k be h(w). Calculate the highest common divisor of 108 and k.
27
Let c(w) = 9*w**2 + 24*w - 16. Let x be c(-8). Calculate the greatest common divisor of 32 and x.
16
Let y(l) = 28*l + 3. Let j be y(1). Let x = 49 - j. What is the highest common factor of x and 54?
18
Suppose -5*r = -0*r - 480. Let w(t) = -t**3 + 5*t**2 + 4*t - 8. Let l be w(6). Let m be (-48)/l*40/6. What is the greatest common factor of r and m?
16
Suppose c = -4*v + 92, -64 = -c - 2*v + 22. What is the highest common divisor of 176 and c?
16
Let g be (-35)/((-4)/(-8) - (-15)/(-10)). Calculate the greatest common factor of 15 and g.
5
Suppose -3*r + 1225 = 2*r. Suppose 3*k - 105 = -2*a, -4*k - 5*a + 140 = -0*k. What is the greatest common factor of r and k?
35
Let m(j) = 3*j**3 + j**2 + 5*j + 3. Let y be m(-3). Let o = -64 - y. What is the highest common divisor of 100 and o?
20
Let w(v) = -v**3 + v**2 + 30*v + 5. Let u be w(-5). Calculate the greatest common factor of 4 and u.
1
Suppose 2*a - 16 - 52 = 0. Calculate the greatest common divisor of 306 and a.
34
Let j be 82/16 + (-1)/8. Suppose 4*m + 3*q - 119 = -8, -j*m = -5*q - 95. What is the greatest common divisor of m and 24?
24
Suppose 0 = 2*c - 2*s - 20, -17 = -5*c + 3*s + 29. Let o(u) = u**2 - 4*u - 5. Let d be o(7). What is the greatest common divisor of c and d?
8
Let p(z) = -2*z**2 - 6*z - 5. Let r = -8 + 2. Let c be p(r). Let g = 68 + c. What is the greatest common factor of 297 and g?
27
Let k = -41 - -85. Calculate the greatest common divisor of 52 and k.
4
Let l be 3964/(-12) - 1/(-3). Let c be (-5)/25 - l/25. Calculate the highest common divisor of 104 and c.
13
Let y be (64 + -6)/(-1 + 5)*122. What is the highest common factor of y and 61?
61
Suppose -i - 4*y - 18 = 0, -3*y - 4 = 5. Let h(a) = -a**2 + 6*a - 1. Let f be h(5). Let w be (-14)/i + f/(-12). What is the highest common divisor of 5 and w?
1
Let z(m) = -12*m - 14*m + 29*m + 2 - m**3. Let j be z(-2). Calculate the highest common factor of j and 2.
2
Suppose -4*x + 3*r + r = -5304, 0 = r - 3. Suppose x = 13*q - 816. What is the highest common divisor of q and 33?
33
Suppose 4*r - 8 = 12. Let h be (-1)/1 - (1 - 176). Let z = -119 + h. What is the greatest common divisor of r and z?
5
Let j = -4 + 7. Suppose j*a + i - 47 = -i, -5*a + 5*i + 45 = 0. What is the highest common factor of 65 and a?
13
Let l be ((-4)/(-6))/(227592/16254 + -14). What is the highest common divisor of 28 and l?
7
Suppose 0 = a - 2*a + 15. Let d = -262 - -397. What is the greatest common divisor of d and a?
15
Let v(m) = 2*m**2 + 8*m - 13. Let a be v(12). What is the highest common divisor of a and 53?
53
Let g(x) = x**2 + 23*x - 26. Let k be g(-25). Calculate the highest common factor of k and 384.
24
Suppose 3*q - 5*n = 380, 0 = 3*q - 4*n + 156 - 541. Let j = 35 - 20. What is the greatest common divisor of j and q?
15
Let k = 219 + -193. Calculate the highest common divisor of k and 91.
13
Let j = 2 - -1. Suppose -j*o = -2 - 19. Let z(t) = -t**2 + 2*t + 1. Let b be z(2). What is the highest common divisor of b and o?
1
Let d(t) = -211*t - 1. Suppose -3*a - 7 = -4. Let h be d(a). Suppose 2*w - h = -w. What is the highest common divisor of w and 10?
10
Suppose -215*c + 201*c = -2352. Calculate the greatest common divisor of c and 448.
56
Suppose -3*q + 0*q + 4*s = -18, 5*q - 30 = -3*s. Suppose -1 = -3*a - i, a - i = -3*a + q. What is the highest common divisor of a and 11?
1
Suppose 0 = 5*y - 5 - 60. Suppose 2*r - 101 = 3*q, -r - 3*q = -8*q - 47. What is the highest common divisor of r and y?
13
Let w be (-10)/45 - (-87)/27. Suppose -48 = -w*s - 3. Suppose 0 = 2*r - 5 - s. What is the highest common factor of r and 30?
10
Let s(f) = -f**3 - 32*f**2 + 24*f - 174. Let p be s(-33). What is the greatest common factor of 41 and p?
41
Let s be (39/12 - 0)*4. Let l(a) = -a**3 + 12*a**2 - 9*a - 6. Let c be l(10). Suppose -c = -3*u - 26. Calculate the highest common divisor of u and s.
13
Suppose -4*r - 5*u + 313 = 0, -2*r - u + 35 = -120. What is the highest common divisor of r and 21?
7
Let s = -244 - -1894. What is the greatest common factor of s and 132?
66
Suppose -2*s = 5*p - 40, p = 4*p + s - 23. Suppose 0 = -p*g + 66 + 72. Calculate the greatest common factor of g and 92.
23
Let i = 22 - -34. Suppose 34 = 4*p - p - 2*q, 4*p - 44 = 3*q. What is the highest common factor of p and i?
14
Let r(x) = 2*x**2 - 12 + 3*x**2 + 8*x - 6*x**2 + 7*x. Let m be r(14). Let y be (16/(-6))/(m/(-108)). What is the highest common factor of 18 and y?
18
Let r(s) = -s**2 + 19*s + 207. Let j be r(25). Calculate the highest common factor of 76 and j.
19
Let x = 6 + -3. Suppose 0 = -o + x*o - 10. Suppose 7*j - 176 = o*j. Calculate the highest common factor of j and 8.
8
Let x(d) = d + 5. Let l(i) = i. Let p(r) = -2*l(r) + x(r). Let j be p(-3). Calculate the highest common factor of 40 and j.
8
Let x b